 + -180 + 175)?
44
What is the value of -2 + 15 + (-7 - (-38 + 145)) + -30?
-131
20 + (29 - -2 - 84)
-33
What is the value of 60 - (-11 + 73) - (28 - -2)?
-32
What is the value of 45 + (7 - (4 - ((31 - 13) + (0 - 11))))?
55
Calculate (21 - -26) + -11 + -57.
-21
-8 + (30 + 8 - 11) + 19 + 11
49
(-11 - 11 - (13 - 33)) + -3 + -90 + 2
-93
Calculate -7 - 0 - (-26 - (15 + -11 + 13)).
36
Calculate (-32 - -4) + 11 + 55 + -5.
33
Calculate -4 + 4 - ((-71 - (1 + -2)) + (17 - 14)).
67
-3 - (1 + 3 + 34 + (15 - 39) + 16)
-33
Calculate -5 - 16 - (-60 + 27 + 49).
-37
What is the value of (-2306 + 2282 - (0 - 13 - 1)) + 0 - -81?
71
4 + 2 + (-8 + -45 - -98 - (7 + 2))
42
What is 69 - ((-13 - -23) + -30 - -13)?
76
What is the value of -21 + -60 + 43 + 73?
35
Evaluate (22 - 121 - -92) + 89.
82
What is 2 - -1 - (2 - (-3 + (-6 - (-47 + -2))))?
41
What is -27 - (-29 - (20 + 16))?
38
20 + 23 + -34 + 20
29
Evaluate -80 - (-60 + 15) - 13.
-48
Calculate 121 - (-4 + (8 + 14 + -7 + -3 - -2)).
111
Evaluate -6 - (-9 + -37 + 41 + -2 + 12).
-11
Calculate (589 - 512) + (-40 - 20).
17
Evaluate 9 + 1284 + -1273 + (-49 - 0).
-29
50 - (21 - -12 - 13) - -5
35
Evaluate -9 - (-1 + (40 - (-16 - -15))).
-49
(-10 - 65 - 30) + 23
-82
What is (-3 - (1 - (-3 + 1))) + 65 + -44?
15
Evaluate 40 + (-34 - (-16 + -47)).
69
-15 + -6 - (-50 - -19 - -2)
8
Calculate (-6 - -1) + (2 + -3 - (-21 - (-1 - 6))).
8
What is the value of 31 + (-8 - 1) + (4 - 8) + -3?
15
What is the value of 83 + 0 + -90 + 30?
23
Evaluate 1 + 17 - 2 - (-151 + 72 - -124).
-29
What is the value of (67 - (19 + 56)) + (-2 - -5)?
-5
Calculate 50 - (14 + (-46 - -44)).
38
(17 - (-1 - -41)) + (-15 - 8)
-46
Evaluate -29 + (98 - (36 - 31)).
64
What is the value of 17 - (-2 + 13 + 2) - 35?
-31
Calculate 2 - (-19 + -24 + -1 + -4).
50
What is the value of 6 + 0 + 2 + (-2742 - -2729)?
-5
Evaluate (5 - 53) + 5 + (1827 - 1750).
34
Evaluate (-29 - -22) + -20 - 28 - ((4 - 0) + 10).
-69
Evaluate (-39 - (-33 + (-21 - -16))) + -34.
-35
Evaluate -53 - (26 - ((1 - 4) + -3)).
-85
-36 - (11 + (-18 - 34))
5
Calculate -1 + -1 + -2 - (-31 + (52 - (-11 - -90))).
54
25 + (-28 - (18 - 22 - 6)) + -2 + 50
55
Evaluate 14305 + -14257 - (129 - 1).
-80
What is 16 - (183 + -9 - (-14 - ((-8 - -7) + -27)))?
-144
Calculate 170 - 207 - (-11 + 7).
-33
What is the value of 65 - (57 + 86 + -60)?
-18
What is 0 + (-5 + (5 - 9) + -22 - (5 - -1))?
-37
Calculate -7 + 4 + 7 + (18 - 51).
-29
What is the value of 2 + -5 + (26 - 1) + (182 - 155)?
49
What is the value of 14 + (-17 - (-9 - -11) - -111) + -20?
86
13 + 32 + -1 + -38 - (0 + 63)
-57
Calculate -77 + (53 - 55) + 32.
-47
Calculate ((-11 - 6) + 65 - 57) + 16.
7
What is the value of (2 - 12 - 50) + (-114 - -135)?
-39
What is 88 - (99 + (43 - 93))?
39
Evaluate -5 + 19 - (-10 + -20 - -20 - 14).
38
Evaluate 7 - (44 + -19 + 32) - 3.
-53
What is (20 + -52 - 34) + (18 - -1)?
-47
What is 16 + -2 + -9 + 13 + 2?
20
Calculate (6 - -18 - (-118 + 147)) + (0 - -118 - -3).
116
What is (-13 - -22 - 52) + 25 + -37?
-55
What is the value of (-2 - -1) + 48 - (4 + 2 - (163 + -164))?
40
Calculate 66 - (49 - (-81 + 83)).
19
Calculate 24 + -56 - (23 - 76).
21
9 + -11 + 7 + (14 - (14 - -15)) + 7
-3
What is the value of (37 - 6) + (7 - 8)?
30
Calculate 6 - (8 + -12 + 3) - -10.
17
61 + 14 + -78 + 16
13
What is the value of (18 - -9) + -15 - (15 - 29 - 24)?
50
Evaluate (1 - -9) + -11 + (40 - (26 - (11 + 9))).
33
What is the value of -13 - (9 + -13 + -24) - -90 - 20?
85
What is the value of (-13 - -37) + -11 + (10 - (-6 + 7 + 1))?
21
Evaluate -35 - (3 - (2 + -12 + 7 + 11)).
-30
Evaluate -7 - ((290 - 314) + -1 + 10 + 1 + 26).
-19
-453 + 432 + (2 - -4 - 9)
-24
What is -30 - (-29 - (54 - -5))?
58
Evaluate -8 + (5 - (12 + -5) - -6) + 33.
29
Calculate -4 - (27 + -29 - -4 - (-8 - 0) - -47).
-61
Evaluate (12 - 54) + -26 - -112.
44
Evaluate (-9 + 20 - -16) + -22.
5
What is the value of -6 - (-13 + 26 + -17 - (15 - -1))?
14
What is the value of -72 + (55 - 119 - -120)?
-16
What is 0 - 9 - ((-30 - (-55 + 103)) + 52)?
17
What is (-8 + 1 + (108 - 113) - -19) + -114?
-107
8 + (60 - (22 + -15) - 28) - (6 - -2)
25
Calculate 40 + -43 + -4 + (1 - -12).
6
Calculate -10 + 13 + 2 + -22 - -41.
24
What is (2 - (2 - 2)) + (-21 - -37) + 5 + 50?
73
What is 30 - 47 - -31 - ((6 - 7) + -37)?
52
What is -37 - ((-55 - (4 - 46)) + -2 + 28)?
-50
What is the value of 17 + 111 + (13 - 51)?
90
What is the value of -9 + -13 - -8 - (-54 - (8 + -12))?
36
Evaluate 435 - 382 - ((-16 - 0) + 8).
61
What is 9 - (43 - -6) - (3 + (3 - (-10 + 10)))?
-46
(16 - (37 + (8 - 25))) + -18
-22
Evaluate -4 + -23 + (-11 - 23 - (-40 - -12)).
-33
Calculate 73 + 29 + -15 + -61.
26
Calculate 54 - (127 - (38 - 7)).
-42
Calculate -55 - -53 - ((0 - 5) + (-61 - -72) - -122).
-130
Evaluate (45 - 10) + (1020 - 1106).
-51
(6 - (6 - 8)) + (23 - 33) - (1 - -40)
-43
What is the value of (-3 - 7) + (-104 + -3 - (13 - 29)) - 8?
-109
12 + (-47 - 48) - (-9 + -1)
-73
Evaluate (-1 - (-2 + 11)) + (-3 - (0 + -9)).
-4
What is (2 - 3 - 37) + 58 + 6?
26
Evaluate 78 + -58 + 12 + 43.
75
6 + -8 + -9 - (82 + -103)
10
1 + 20 + 1 + (-40 - -64 - -28)
74
What is -43 + 20 - (1 + 4) - -64?
36
What is -46 - (-13 - (-2 + 18 + -17))?
-34
What is the value of (-9 - 5) + 7 + 12 + -8 + -7 + -8?
-18
What is the value of (-1 - 54) + (-44 - -25) + 54 + -36?
-56
(19 + -5 - (-16 + 19)) + -23 + -1 + -3
-16
Evaluate -42 - (42 + -41 - ((-6 - -7) + -3 + 4)).
-41
What is the value of 2614 + -2571 + (0 - 60)?
-17
What is the value of (-9 - -4) + 16 - (3 - (-21 - -11))?
-2
What is the value of -101 + (80 - (24 - 27)) + -40?
-58
Calculate -13 + (-24 - -25 - 28 - -74).
34
-6 + -1 + -11 + 0 + -45
-63
What is the value of (-20 - 10 - (-181 + 21)) + -34?
96
What is the value of -8 + 2 + -3 + 752 + -761 + 6?
-12
What is 3820 - 3852 - (-43 + -1)?
12
What is the value of 5 + 1 - (-6 - (116 + -107 + (-2 - 6)))?
13
What is the value of 0 + -1 + 2 + 7 + (-5 - (17 + -2))?
-12
What is (123 + 41 - 35) + (6 + -3 - 18)?
114
Calculate 0 + 4 + -2 + 3 + (-37 - -175 - 115).
28
Calculate 3 + 72 + -87 - 33.
-45
What is the value of (-6 - -12 - 12) + 19 + -2 + (56 - -12)?
79
Evaluate 11 + -58 + (8 - -9) + 44.
14
What is the value of -36 + 10 - -4 - (43 - 81)?
16
Evaluate -37 - 1 - (485 - 594) - 3.
68
What is the value of (102 - 82) + -4 + -64?
-48
What is the value of -25 + 2 + -4 + 9 + -80 + 66?
-32
Evaluate -6 - -108 - (-613 - -819).
-104
What is the value of -303 - -374 - ((-1 - -8) + 2 + 0 + 1)?
61
-100 + 89 - (-41 - 3) - -3
36
What is the value of -26 - (7 - 12) - (-3 + 2)?
-20
Calculate 3 - (-16 + (22 - -12) + -24 + 46 + 1).
-38
What is the value of 48 + -20 + 33 + (11 - 25)?
47
Calculate 9 + 3 - (49 + -3) - (-1 + 3 + -7).
-29
Calculate -2169 + 2222 + 2 + -27.
28
(-6 - (10 - 26)) + -2 - -50
58
Evaluate 70 + -61 - (2 + 20 - 11).
-2
What is (3 - 5 - 44) + (-19 - (14 - (19 + 7)))?
-53
Evaluate (-4 - -17) + (839 - 698 - (-1 - -16)).
139
Evaluate (-48 - 15 - -10) + (0 - 19).
-72
What is 94 - (404 + -423 - (0 - 2 - 20))?
91
1 + (2 - -2) - ((1 - (8 - -6)) + -32)
50
What is the value of -5 - (37 + -69 + 22) - -55?
60
What is the value of -2 - (106 + (20 - 7) - 13 - (-10 + 4))?
-114
46 + -52 - (24 - (1 - -2))
-27
What is (-74 + 213 - 109) + (0 - 138)?
-108
Calculate 33 + -49 + (-15 - -48 - -8).
25
Calculate 13 + 2 - (-16 - -13) - (-62 - -66).
14
Evaluate -39 - (105 + -88) - (-28 - -1).
-29
Evaluate (-17 - 0 - (-50 - -21)) + -112.
-100
(14 - 17) + -11 + (142 - 114)
14
Calculate -3 - (9 - -1) - (-12 - (-11 + -9)).
-21
What is 444 + -422 + (-4 - -3 - -45)?
66
Calculate (44 - (-9 - -44)) + 28.
37
Calculate -42 + (-29 - -89) - 59.
-41
Evaluate -4 - (23 + 2 - (-32 + 19)) - -4.
-38
What is -102 - (-47 + -61 + 33)?
-27
Evaluate (8 - -55) + -16 - 5.
42
What is (-9 - -4 - -29) + -39 - (4 + 49 + -4)?
-64
What is -49 - (-46 + 67 - 49)?
-21
What is 79 - (-26 - (-34 - -3)) - -2?
76
Calculate 14 - 25 - (16 - (4 + -11 + 8)).
-26
What is the value of 2 + (101 - (-32 + (10 - -4) - -31))?
90
What is the value of (-40 + 1 - (-150 + 251)) + 27?
-113
Calculate 10 + (4 - -21 - 19 - -95) - 22.
89
1 - 1 - ((9 + 7 - 36) + (-48 - -153))
-85
Calculate 8 + (-16 - 6) - (-5 + -22 + 28).
-15
What is 4 + (37 - 14) + (12 - 47)?
-8
What is -3981 + 4007 - (-39 + -2 + -2)?
69
What is (6 + 13 - 22) + 9 + (-33 - -2) 